{"id":31,"date":"2015-12-08T11:18:47","date_gmt":"2015-12-08T17:18:47","guid":{"rendered":"http:\/\/www.enprocesode.com\/GENERPRO\/?page_id=31"},"modified":"2019-07-04T13:03:16","modified_gmt":"2019-07-04T18:03:16","slug":"aviso-de-privacidad","status":"publish","type":"page","link":"https:\/\/www.generpro.com.mx\/?page_id=31","title":{"rendered":"Aviso de privacidad"},"content":{"rendered":"<p class=\"p1\" style=\"text-align: justify;\"><span class=\"s1\" style=\"color: #000000;\">Su privacidad y confianza son muy importantes para nosotros.<\/span><\/p>\n<p><span style=\"color: #000000;\"><span class=\"s2\">www. ge<\/span><span class=\"s1\">n<\/span><span class=\"s2\">erpro.com.mx<\/span><span class=\"s3\">.<\/span><span class=\"s1\"> Es un sitio web propiedad de Generpro Consultores SC quien es el responsable de la administraci\u00f3n e informaci\u00f3n que se publica.<\/span><\/span><\/p>\n<p><span style=\"color: #000000;\">Con fundamento en lo establecido por la Ley Federal de Protecci\u00f3n de Datos Personales en Posesi\u00f3n de Particulares, le informamos que los datos proporcionados mediante este sitio web ser\u00e1n usados \u00fanicamente bajo los lineamientos establecidos en este Aviso de Privacidad, el cual busca garantizar el tratamiento responsable de la informaci\u00f3n recabada bajo los principios de licitud, consentimiento, informaci\u00f3n, calidad, finalidad, lealtad, proporcionalidad y responsabilidad.<\/span><\/p>\n<p><span style=\"color: #000000;\">Para Generpro Consultores SC resulta necesaria la recopilaci\u00f3n de ciertos datos personales para cumplir con los servicios ofrecidos a nuestros clientes, conforme a nuestro objeto social, misi\u00f3n, visi\u00f3n, y valores.<\/span><\/p>\n<p><span style=\"color: #000000;\">El tratamiento y protecci\u00f3n a sus datos personales, as\u00ed como el ejercicio de los derechos reconocidos por la ley, se regir\u00e1n por los t\u00e9rminos de este Aviso de Privacidad mismo que estar\u00e1 a su disposici\u00f3n para ser consultado en <span class=\"s2\">www. ge<\/span><span class=\"s1\">n<\/span><span class=\"s2\">erpro.com.mx<\/span><span class=\"s1\">. Cualquier modificaci\u00f3n al mismo, se har\u00e1 de su conocimiento a trav\u00e9s de los procedimientos descritos posteriormente en el presente documento.<br \/>\n<b><br \/>\n1. Datos del Responsable<\/b><br \/>\nGenerpro Consultores SC con domicilio en calle 46 No. 538 B x 75, colonia centro, C.P. 97000, M\u00e9rida, Yucat\u00e1n M\u00e9xico.<br \/>\n<b><br \/>\n2. Datos Personales<\/b><br \/>\nGenerpro Consultores SC recabar\u00e1 de usted los datos personales (\u201c<\/span><span class=\"s5\"><b>Datos Personales<\/b><\/span><span class=\"s1\">\u201d) que sean necesarios para la adecuada prestaci\u00f3n de sus servicios (\u201c<\/span><span class=\"s5\"><b>Servicios<\/b><\/span><span class=\"s1\">\u201d) ya sea (i) directamente o (ii) a trav\u00e9s de sus agentes, promotores, comisionistas o socios comerciales. Dichos Datos Personales incluyen los siguientes: <\/span><\/span><\/p>\n<p class=\"p2\" style=\"text-align: justify;\"><span class=\"s1\" style=\"color: #000000;\"><br \/>\nDatos de identificaci\u00f3n: nombre completo, direcci\u00f3n, tel\u00e9fono de casa, celular y\/o de trabajo, estado civil, firma, firma electr\u00f3nica, RFC, CURP, lugar y fecha de nacimiento, y edad.<br \/>\n3) Datos laborales o comerciales: ocupaci\u00f3n o giro comercial, puesto, \u00e1rea o departamento, domicilio, tel\u00e9fono y correo de trabajo.<br \/>\n4) Datos patrimoniales y empresariales: ingresos y egresos, monto de ventas mensuales, marcas usadas, logotipos, invenciones, n\u00famero de empleados, sitios web y dominios de internet.<\/span><\/p>\n<p><span style=\"color: #000000;\"><b>3. Finalidad del Tratamiento de Datos<\/b><\/span><br \/>\n<span style=\"color: #000000;\">Los Datos Personales que nos ha proporcionado ser\u00e1n utilizados para los siguientes fines:<\/span><\/p>\n<ul style=\"text-align: justify;\">\n<li style=\"list-style-type: none;\">\n<ul style=\"text-align: justify;\">\n<li class=\"li2\"><span class=\"s1\" style=\"color: #000000;\">La realizaci\u00f3n de todas las actividades relacionadas con la prestaci\u00f3n de servicios profesionales contratados por usted.<\/span><\/li>\n<\/ul>\n<\/li>\n<\/ul>\n<ul style=\"text-align: justify;\">\n<li style=\"list-style-type: none;\">\n<ul style=\"text-align: justify;\">\n<li class=\"li2\"><span class=\"s1\" style=\"color: #000000;\">El registro, defensa, y preservaci\u00f3n de activos intelectuales a su favor, as\u00ed como la gesti\u00f3n de cualquier tr\u00e1mite a su nombre, o el cumplimiento de cualquier poder otorgado por usted.<\/span><\/li>\n<\/ul>\n<\/li>\n<\/ul>\n<ul style=\"text-align: justify;\">\n<li style=\"list-style-type: none;\">\n<ul style=\"text-align: justify;\">\n<li class=\"li2\"><span class=\"s1\" style=\"color: #000000;\">La defensa legal, administraci\u00f3n, capacitaci\u00f3n, y asesor\u00eda profesional contratada por usted.<\/span><\/li>\n<\/ul>\n<\/li>\n<\/ul>\n<ul style=\"text-align: justify;\">\n<li style=\"list-style-type: none;\">\n<ul style=\"text-align: justify;\">\n<li class=\"li2\"><span class=\"s1\" style=\"color: #000000;\">La oferta de productos o servicios que puedan ser de su inter\u00e9s en relaci\u00f3n a los servicios profesionales contratados por usted, as\u00ed como la vinculaci\u00f3n con programas que pueden serle beneficiosos.<\/span><\/li>\n<\/ul>\n<\/li>\n<\/ul>\n<ul style=\"text-align: justify;\">\n<li style=\"list-style-type: none;\">\n<ul style=\"text-align: justify;\">\n<li class=\"li2\"><span class=\"s1\" style=\"color: #000000;\">La elaboraci\u00f3n de informes estad\u00edsticos y financieros para nuestro control interno o para cumplir con obligaciones contra\u00eddas con terceros, incluyendo autoridades locales o federales.<\/span><\/li>\n<li class=\"li2\"><span class=\"s1\" style=\"color: #000000;\">Contactarlo para cualquier tema relacionado a los Servicios o al presente Aviso de Privacidad.<\/span><\/li>\n<\/ul>\n<\/li>\n<\/ul>\n<p class=\"p2\" style=\"text-align: justify;\"><span class=\"s1\" style=\"color: #000000;\"><b>4. Transferencia de datos<\/b><br \/>\nGenerpro Consultores SC requiere transferir sus Datos Personales en la medida que sea necesario para la prestaci\u00f3n de los Servicios dentro e incluso en algunos casos, fuera de la Rep\u00fablica Mexicana.<\/span><\/p>\n<p><span style=\"color: #000000;\">Generpro Consultores SC se compromete a velar porque se cumplan todos los principios legales de protecci\u00f3n en torno a la transferencia de sus datos personales. De igual forma, manifiesta su compromiso para que se respete en todo momento, por nosotros y por nuestros socios comerciales, el presente Aviso de Privacidad.<\/span><\/p>\n<p><span style=\"color: #000000;\">En este sentido Generpro Consultores SC le informa que para que pueda prestar sus Servicios transferir\u00e1 sus Datos Personales a:<\/span><\/p>\n<p><span style=\"color: #000000;\">(a) Aquellas personas o entidades que forman parte del grupo econ\u00f3mico de Generpro Consultores SC<\/span><\/p>\n<p><span class=\"s1\" style=\"color: #000000;\">(b) Los socios comerciales de Generpro Consultores SC con el prop\u00f3sito de que dichos socios ofrezcan, administren, y operen los servicios complementarios a los Servicios contratados por usted.<\/span><\/p>\n<p><span style=\"color: #000000;\">(c) Aquellos terceros no afiliados prestadores de servicios auxiliares o complementarios de los Servicios, incluyendo, comisionistas, empresas de procesamiento de datos, empresas de env\u00edo de material de marketing (impreso o electr\u00f3nico), empresas de mensajer\u00eda, seguridad y transporte de valores, agencias de publicidad, especialistas en inform\u00e1tica y sistemas computacionales, empresas de custodia y guarda de informaci\u00f3n (f\u00edsica o en medios electr\u00f3nicos) con el prop\u00f3sito de que estos asistan en la prestaci\u00f3n de los Servicios; y<\/span><\/p>\n<p><span style=\"color: #000000;\">(d) Consultores externos para efecto de la adecuada prestaci\u00f3n de los Servicios.<\/span><\/p>\n<p class=\"p2\" style=\"text-align: justify;\"><span class=\"s1\" style=\"color: #000000;\"><b>5. Medios para Ejercer los Derechos ARCO<\/b><br \/>\nConforme a la Ley Federal de Protecci\u00f3n de Datos Personales en Posesi\u00f3n de Particulares, el titular por s\u00ed o mediante representante legal debidamente acreditado, a partir del 6 de enero de 2012 Usted podr\u00e1 ejercer sus derechos de acceso, rectificaci\u00f3n, cancelaci\u00f3n y oposici\u00f3n directamente ante la Unidad Especial de Atenci\u00f3n a la Privacidad.<\/span><\/p>\n<ol>\n<li class=\"p2\" style=\"text-align: justify;\"><span class=\"s1\" style=\"color: #000000;\">Acceso.- Usted podr\u00e1 solicitar en todo momento conocer qu\u00e9 datos suyos han sido recabados y conserva el responsable.<\/span><\/li>\n<li class=\"p2\" style=\"text-align: justify;\"><span class=\"s1\" style=\"color: #000000;\">Rectificaci\u00f3n.- En caso de que alguno de sus datos sea inexacto o incompleto podr\u00e1 solicitar su correcci\u00f3n, debiendo adjuntar la documentaci\u00f3n que acredite dicha modificaci\u00f3n.<\/span><\/li>\n<li class=\"p2\" style=\"text-align: justify;\"><span class=\"s1\" style=\"color: #000000;\">Cancelaci\u00f3n.- Podr\u00e1 solicitarse en todo momento la cancelaci\u00f3n de los datos; en caso de ser procedente la solicitud, los datos entrar\u00e1n al per\u00edodo de bloqueo en el cual no podr\u00e1n ser tratados de ninguna manera para su posterior supresi\u00f3n.<\/span><\/li>\n<li class=\"p2\" style=\"text-align: justify;\"><span class=\"s1\" style=\"color: #000000;\">Oposici\u00f3n.- En todo momento el titular podr\u00e1 negarse por causa justificada al tratamiento de sus datos personales.<\/span><\/li>\n<\/ol>\n<p class=\"p2\" style=\"text-align: justify;\"><span style=\"color: #000000;\"><span class=\"s1\">Para ejercer sus derechos podr\u00e1 dirigirse con el\/la titular de nuestra Direcci\u00f3n Operativa quien es responsable del resguardo de los datos personales en la siguiente direcci\u00f3n electr\u00f3nica: contacto<\/span><span class=\"s2\">@ge<\/span><span class=\"s1\">n<\/span><span class=\"s2\">erpro.com.mx<\/span><\/span><span class=\"s1\"><span style=\"color: #000000;\"> o a los tel\u00e9fonos que encontrar\u00e1 en <\/span><a href=\"https:\/\/generpro.com.mx\"><span class=\"s7\">www.ge<\/span><span class=\"s8\">nerpro<\/span><span class=\"s7\">.com.mx<\/span><\/a><\/span><\/p>\n<p><span style=\"color: #000000;\"><b>6. Cambios a la Pol\u00edtica de Privacidad<\/b><\/span><br \/>\n<span style=\"color: #000000;\">Cualquier cambio sustancial o total que se realice a la Pol\u00edtica de Privacidad podr\u00e1 ser realizado por Generpro Consultores SC mediante una publicaci\u00f3n en un peri\u00f3dico de amplia circulaci\u00f3n, a trav\u00e9s de nuestra p\u00e1gina\u00a0<a style=\"color: #000000;\" href=\"https:\/\/generpro.com.mx\"><span class=\"s7\">www.ge<\/span><span class=\"s8\">nerpro<\/span><span class=\"s7\">.com.mx<\/span><\/a>\u00a0o mediante correo electr\u00f3nico a la direcci\u00f3n que para tales efectos mantenga Generpro Consultores SC registrada.<\/span><\/p>\n","protected":false},"excerpt":{"rendered":"<p>Su privacidad y confianza son muy importantes para nosotros. www. generpro.com.mx. Es un sitio web propiedad de Generpro Consultores SC quien es el responsable de la administraci\u00f3n e informaci\u00f3n que se publica. Con fundamento en lo establecido por la Ley Federal de Protecci\u00f3n de Datos Personales en Posesi\u00f3n de Particulares, [&hellip;]<\/p>\n","protected":false},"author":2,"featured_media":0,"parent":0,"menu_order":0,"comment_status":"closed","ping_status":"closed","template":"","meta":{"footnotes":""},"class_list":["post-31","page","type-page","status-publish","hentry"],"_links":{"self":[{"href":"https:\/\/www.generpro.com.mx\/index.php?rest_route=\/wp\/v2\/pages\/31","targetHints":{"allow":["GET"]}}],"collection":[{"href":"https:\/\/www.generpro.com.mx\/index.php?rest_route=\/wp\/v2\/pages"}],"about":[{"href":"https:\/\/www.generpro.com.mx\/index.php?rest_route=\/wp\/v2\/types\/page"}],"author":[{"embeddable":true,"href":"https:\/\/www.generpro.com.mx\/index.php?rest_route=\/wp\/v2\/users\/2"}],"replies":[{"embeddable":true,"href":"https:\/\/www.generpro.com.mx\/index.php?rest_route=%2Fwp%2Fv2%2Fcomments&post=31"}],"version-history":[{"count":13,"href":"https:\/\/www.generpro.com.mx\/index.php?rest_route=\/wp\/v2\/pages\/31\/revisions"}],"predecessor-version":[{"id":455,"href":"https:\/\/www.generpro.com.mx\/index.php?rest_route=\/wp\/v2\/pages\/31\/revisions\/455"}],"wp:attachment":[{"href":"https:\/\/www.generpro.com.mx\/index.php?rest_route=%2Fwp%2Fv2%2Fmedia&parent=31"}],"curies":[{"name":"wp","href":"https:\/\/api.w.org\/{rel}","templated":true}]}}

<p class="p1" style="text-align: justify;"><span class="s1" style="color: #000000;">Su privacidad y confianza son muy importantes para nosotros.</span></p>
<p><span style="color: #000000;"><span class="s2">www. ge</span><span class="s1">n</span><span class="s2">erpro.com.mx</span><span class="s3">.</span><span class="s1"> Es un sitio web propiedad de Generpro Consultores SC quien es el responsable de la administración e información que se publica.</span></span></p>
<p><span style="color: #000000;">Con fundamento en lo establecido por la Ley Federal de Protección de Datos Personales en Posesión de Particulares, le informamos que los datos proporcionados mediante este sitio web serán usados únicamente bajo los lineamientos establecidos en este Aviso de Privacidad, el cual busca garantizar el tratamiento responsable de la información recabada bajo los principios de licitud, consentimiento, información, calidad, finalidad, lealtad, proporcionalidad y responsabilidad.</span></p>
<p><span style="color: #000000;">Para Generpro Consultores SC resulta necesaria la recopilación de ciertos datos personales para cumplir con los servicios ofrecidos a nuestros clientes, conforme a nuestro objeto social, misión, visión, y valores.</span></p>
<p><span style="color: #000000;">El tratamiento y protección a sus datos personales, así como el ejercicio de los derechos reconocidos por la ley, se regirán por los términos de este Aviso de Privacidad mismo que estará a su disposición para ser consultado en <span class="s2">www. ge</span><span class="s1">n</span><span class="s2">erpro.com.mx</span><span class="s1">. Cualquier modificación al mismo, se hará de su conocimiento a través de los procedimientos descritos posteriormente en el presente documento.<br />
<b><br />
1. Datos del Responsable</b><br />
Generpro Consultores SC con domicilio en calle 46 No. 538 B x 75, colonia centro, C.P. 97000, Mérida, Yucatán México.<br />
<b><br />
2. Datos Personales</b><br />
Generpro Consultores SC recabará de usted los datos personales (“</span><span class="s5"><b>Datos Personales</b></span><span class="s1">”) que sean necesarios para la adecuada prestación de sus servicios (“</span><span class="s5"><b>Servicios</b></span><span class="s1">”) ya sea (i) directamente o (ii) a través de sus agentes, promotores, comisionistas o socios comerciales. Dichos Datos Personales incluyen los siguientes: </span></span></p>
<p class="p2" style="text-align: justify;"><span class="s1" style="color: #000000;"><br />
Datos de identificación: nombre completo, dirección, teléfono de casa, celular y/o de trabajo, estado civil, firma, firma electrónica, RFC, CURP, lugar y fecha de nacimiento, y edad.<br />
3) Datos laborales o comerciales: ocupación o giro comercial, puesto, área o departamento, domicilio, teléfono y correo de trabajo.<br />
4) Datos patrimoniales y empresariales: ingresos y egresos, monto de ventas mensuales, marcas usadas, logotipos, invenciones, número de empleados, sitios web y dominios de internet.</span></p>
<p><span style="color: #000000;"><b>3. Finalidad del Tratamiento de Datos</b></span><br />
<span style="color: #000000;">Los Datos Personales que nos ha proporcionado serán utilizados para los siguientes fines:</span></p>
<ul style="text-align: justify;">
<li style="list-style-type: none;">
<ul style="text-align: justify;">
<li class="li2"><span class="s1" style="color: #000000;">La realización de todas las actividades relacionadas con la prestación de servicios profesionales contratados por usted.</span></li>
</ul>
</li>
</ul>
<ul style="text-align: justify;">
<li style="list-style-type: none;">
<ul style="text-align: justify;">
<li class="li2"><span class="s1" style="color: #000000;">El registro, defensa, y preservación de activos intelectuales a su favor, así como la gestión de cualquier trámite a su nombre, o el cumplimiento de cualquier poder otorgado por usted.</span></li>
</ul>
</li>
</ul>
<ul style="text-align: justify;">
<li style="list-style-type: none;">
<ul style="text-align: justify;">
<li class="li2"><span class="s1" style="color: #000000;">La defensa legal, administración, capacitación, y asesoría profesional contratada por usted.</span></li>
</ul>
</li>
</ul>
<ul style="text-align: justify;">
<li style="list-style-type: none;">
<ul style="text-align: justify;">
<li class="li2"><span class="s1" style="color: #000000;">La oferta de productos o servicios que puedan ser de su interés en relación a los servicios profesionales contratados por usted, así como la vinculación con programas que pueden serle beneficiosos.</span></li>
</ul>
</li>
</ul>
<ul style="text-align: justify;">
<li style="list-style-type: none;">
<ul style="text-align: justify;">
<li class="li2"><span class="s1" style="color: #000000;">La elaboración de informes estadísticos y financieros para nuestro control interno o para cumplir con obligaciones contraídas con terceros, incluyendo autoridades locales o federales.</span></li>
<li class="li2"><span class="s1" style="color: #000000;">Contactarlo para cualquier tema relacionado a los Servicios o al presente Aviso de Privacidad.</span></li>
</ul>
</li>
</ul>
<p class="p2" style="text-align: justify;"><span class="s1" style="color: #000000;"><b>4. Transferencia de datos</b><br />
Generpro Consultores SC requiere transferir sus Datos Personales en la medida que sea necesario para la prestación de los Servicios dentro e incluso en algunos casos, fuera de la República Mexicana.</span></p>
<p><span style="color: #000000;">Generpro Consultores SC se compromete a velar porque se cumplan todos los principios legales de protección en torno a la transferencia de sus datos personales. De igual forma, manifiesta su compromiso para que se respete en todo momento, por nosotros y por nuestros socios comerciales, el presente Aviso de Privacidad.</span></p>
<p><span style="color: #000000;">En este sentido Generpro Consultores SC le informa que para que pueda prestar sus Servicios transferirá sus Datos Personales a:</span></p>
<p><span style="color: #000000;">(a) Aquellas personas o entidades que forman parte del grupo económico de Generpro Consultores SC</span></p>
<p><span class="s1" style="color: #000000;">(b) Los socios comerciales de Generpro Consultores SC con el propósito de que dichos socios ofrezcan, administren, y operen los servicios complementarios a los Servicios contratados por usted.</span></p>
<p><span style="color: #000000;">(c) Aquellos terceros no afiliados prestadores de servicios auxiliares o complementarios de los Servicios, incluyendo, comisionistas, empresas de procesamiento de datos, empresas de envío de material de marketing (impreso o electrónico), empresas de mensajería, seguridad y transporte de valores, agencias de publicidad, especialistas en informática y sistemas computacionales, empresas de custodia y guarda de información (física o en medios electrónicos) con el propósito de que estos asistan en la prestación de los Servicios; y</span></p>
<p><span style="color: #000000;">(d) Consultores externos para efecto de la adecuada prestación de los Servicios.</span></p>
<p class="p2" style="text-align: justify;"><span class="s1" style="color: #000000;"><b>5. Medios para Ejercer los Derechos ARCO</b><br />
Conforme a la Ley Federal de Protección de Datos Personales en Posesión de Particulares, el titular por sí o mediante representante legal debidamente acreditado, a partir del 6 de enero de 2012 Usted podrá ejercer sus derechos de acceso, rectificación, cancelación y oposición directamente ante la Unidad Especial de Atención a la Privacidad.</span></p>
<ol>
<li class="p2" style="text-align: justify;"><span class="s1" style="color: #000000;">Acceso.- Usted podrá solicitar en todo momento conocer qué datos suyos han sido recabados y conserva el responsable.</span></li>
<li class="p2" style="text-align: justify;"><span class="s1" style="color: #000000;">Rectificación.- En caso de que alguno de sus datos sea inexacto o incompleto podrá solicitar su corrección, debiendo adjuntar la documentación que acredite dicha modificación.</span></li>
<li class="p2" style="text-align: justify;"><span class="s1" style="color: #000000;">Cancelación.- Podrá solicitarse en todo momento la cancelación de los datos; en caso de ser procedente la solicitud, los datos entrarán al período de bloqueo en el cual no podrán ser tratados de ninguna manera para su posterior supresión.</span></li>
<li class="p2" style="text-align: justify;"><span class="s1" style="color: #000000;">Oposición.- En todo momento el titular podrá negarse por causa justificada al tratamiento de sus datos personales.</span></li>
</ol>
<p class="p2" style="text-align: justify;"><span style="color: #000000;"><span class="s1">Para ejercer sus derechos podrá dirigirse con el/la titular de nuestra Dirección Operativa quien es responsable del resguardo de los datos personales en la siguiente dirección electrónica: contacto</span><span class="s2">@ge</span><span class="s1">n</span><span class="s2">erpro.com.mx</span></span><span class="s1"><span style="color: #000000;"> o a los teléfonos que encontrará en </span><a href="https://generpro.com.mx"><span class="s7">www.ge</span><span class="s8">nerpro</span><span class="s7">.com.mx</span></a></span></p>
<p><span style="color: #000000;"><b>6. Cambios a la Política de Privacidad</b></span><br />
<span style="color: #000000;">Cualquier cambio sustancial o total que se realice a la Política de Privacidad podrá ser realizado por Generpro Consultores SC mediante una publicación en un periódico de amplia circulación, a través de nuestra página <a style="color: #000000;" href="https://generpro.com.mx"><span class="s7">www.ge</span><span class="s8">nerpro</span><span class="s7">.com.mx</span></a> o mediante correo electrónico a la dirección que para tales efectos mantenga Generpro Consultores SC registrada.</span></p>

<p>Su privacidad y confianza son muy importantes para nosotros. www. generpro.com.mx. Es un sitio web propiedad de Generpro Consultores SC quien es el responsable de la administración e información que se publica. Con fundamento en lo establecido por la Ley Federal de Protección de Datos Personales en Posesión de Particulares, [&hellip;]</p>
