{"id":272,"date":"2017-01-18T22:28:12","date_gmt":"2017-01-19T04:28:12","guid":{"rendered":"http:\/\/www.generpro.com.mx\/?page_id=272"},"modified":"2020-07-06T17:53:10","modified_gmt":"2020-07-06T22:53:10","slug":"mantenimiento-a-instalaciones","status":"publish","type":"page","link":"https:\/\/www.generpro.com.mx\/?page_id=272","title":{"rendered":"Mantenimiento a instalaciones"},"content":{"rendered":"<ul>\n<li><span style=\"color: #000000;\">Ofrecemos mantenimiento preventivo y correctivo a instalaciones electromec\u00e1nicas, subestaciones el\u00e9ctricas, transformadores y m\u00e1quinas diversas.<\/span><\/li>\n<\/ul>\n<p>&nbsp;<\/p>\n<ul>\n<li><span style=\"color: #000000;\">Nuestro servicio de mantenimiento, es con personal especializado y altamente capacitado.<\/span><\/li>\n<\/ul>\n<p>&nbsp;<\/p>\n<ul>\n<li><span style=\"color: #000000;\">Tambi\u00e9n realizamos planes de mantenimiento completamente sustentables y direccionados hac\u00eda al eficiencia energ\u00e9tica, basados en los est\u00e1ndares ANSI\/ASHRAE\/IES Standard 90.1-2013 (Energy Standard for Buildings Except Low-Rise)<\/span><\/li>\n<\/ul>\n<p>&nbsp;<\/p>\n<p><span class=\"image left\"><img decoding=\"async\" class=\"aligncenter\" src=\"http:\/\/www.ayesoluciones.com\/images\/servicios\/serv51.jpg\" alt=\"\" \/><\/span><\/p>\n","protected":false},"excerpt":{"rendered":"<p>Ofrecemos mantenimiento preventivo y correctivo a instalaciones electromec\u00e1nicas, subestaciones el\u00e9ctricas, transformadores y m\u00e1quinas diversas. &nbsp; Nuestro servicio de mantenimiento, es con personal especializado y altamente capacitado. &nbsp; Tambi\u00e9n realizamos planes de mantenimiento completamente sustentables y direccionados hac\u00eda al eficiencia energ\u00e9tica, basados en los est\u00e1ndares ANSI\/ASHRAE\/IES Standard 90.1-2013 (Energy Standard for [&hellip;]<\/p>\n","protected":false},"author":2,"featured_media":607,"parent":0,"menu_order":0,"comment_status":"closed","ping_status":"closed","template":"","meta":{"footnotes":""},"class_list":["post-272","page","type-page","status-publish","has-post-thumbnail","hentry"],"_links":{"self":[{"href":"https:\/\/www.generpro.com.mx\/index.php?rest_route=\/wp\/v2\/pages\/272","targetHints":{"allow":["GET"]}}],"collection":[{"href":"https:\/\/www.generpro.com.mx\/index.php?rest_route=\/wp\/v2\/pages"}],"about":[{"href":"https:\/\/www.generpro.com.mx\/index.php?rest_route=\/wp\/v2\/types\/page"}],"author":[{"embeddable":true,"href":"https:\/\/www.generpro.com.mx\/index.php?rest_route=\/wp\/v2\/users\/2"}],"replies":[{"embeddable":true,"href":"https:\/\/www.generpro.com.mx\/index.php?rest_route=%2Fwp%2Fv2%2Fcomments&post=272"}],"version-history":[{"count":5,"href":"https:\/\/www.generpro.com.mx\/index.php?rest_route=\/wp\/v2\/pages\/272\/revisions"}],"predecessor-version":[{"id":707,"href":"https:\/\/www.generpro.com.mx\/index.php?rest_route=\/wp\/v2\/pages\/272\/revisions\/707"}],"wp:featuredmedia":[{"embeddable":true,"href":"https:\/\/www.generpro.com.mx\/index.php?rest_route=\/wp\/v2\/media\/607"}],"wp:attachment":[{"href":"https:\/\/www.generpro.com.mx\/index.php?rest_route=%2Fwp%2Fv2%2Fmedia&parent=272"}],"curies":[{"name":"wp","href":"https:\/\/api.w.org\/{rel}","templated":true}]}}