{"id":162,"date":"2016-05-29T16:09:54","date_gmt":"2016-05-29T21:09:54","guid":{"rendered":"http:\/\/www.generpro.com.mx\/?page_id=162"},"modified":"2020-07-06T17:43:33","modified_gmt":"2020-07-06T22:43:33","slug":"consultoria-2","status":"publish","type":"page","link":"https:\/\/www.generpro.com.mx\/?page_id=162","title":{"rendered":"Consultor\u00eda en Energ\u00eda"},"content":{"rendered":"<p style=\"text-align: justify;\"><span style=\"color: #000000;\">La energ\u00eda es fundamental para las operaciones de una organizaci\u00f3n y puede representar un costo importante para estas, independientemente de su actividad.<\/span><\/p>\n<p style=\"text-align: justify;\"><span style=\"color: #000000;\">Nuestro servicio de consultor\u00eda se enfoca principalmente en el desarrollo e implementaci\u00f3n de sistemas gesti\u00f3n de la energ\u00eda y uso eficiente de la misma y est\u00e1 basado en la norma ISO 50001.<\/span><\/p>\n<p style=\"text-align: center;\"><a href=\"https:\/\/generpro.com.mx\/wp-content\/uploads\/2015\/12\/consultoria.jpg\"><img loading=\"lazy\" decoding=\"async\" class=\"alignnone wp-image-152 \" src=\"https:\/\/generpro.com.mx\/wp-content\/uploads\/2015\/12\/consultoria.jpg\" alt=\"consultoria\" width=\"622\" height=\"489\" srcset=\"https:\/\/www.generpro.com.mx\/wp-content\/uploads\/2015\/12\/consultoria.jpg 1008w, https:\/\/www.generpro.com.mx\/wp-content\/uploads\/2015\/12\/consultoria-300x236.jpg 300w, https:\/\/www.generpro.com.mx\/wp-content\/uploads\/2015\/12\/consultoria-768x603.jpg 768w\" sizes=\"auto, (max-width: 622px) 100vw, 622px\" \/><\/a><\/p>\n","protected":false},"excerpt":{"rendered":"<p>La energ\u00eda es fundamental para las operaciones de una organizaci\u00f3n y puede representar un costo importante para estas, independientemente de su actividad. Nuestro servicio de consultor\u00eda se enfoca principalmente en el desarrollo e implementaci\u00f3n de sistemas gesti\u00f3n de la energ\u00eda y uso eficiente de la misma y est\u00e1 basado en [&hellip;]<\/p>\n","protected":false},"author":2,"featured_media":65,"parent":0,"menu_order":0,"comment_status":"closed","ping_status":"closed","template":"","meta":{"footnotes":""},"class_list":["post-162","page","type-page","status-publish","has-post-thumbnail","hentry"],"_links":{"self":[{"href":"https:\/\/www.generpro.com.mx\/index.php?rest_route=\/wp\/v2\/pages\/162","targetHints":{"allow":["GET"]}}],"collection":[{"href":"https:\/\/www.generpro.com.mx\/index.php?rest_route=\/wp\/v2\/pages"}],"about":[{"href":"https:\/\/www.generpro.com.mx\/index.php?rest_route=\/wp\/v2\/types\/page"}],"author":[{"embeddable":true,"href":"https:\/\/www.generpro.com.mx\/index.php?rest_route=\/wp\/v2\/users\/2"}],"replies":[{"embeddable":true,"href":"https:\/\/www.generpro.com.mx\/index.php?rest_route=%2Fwp%2Fv2%2Fcomments&post=162"}],"version-history":[{"count":9,"href":"https:\/\/www.generpro.com.mx\/index.php?rest_route=\/wp\/v2\/pages\/162\/revisions"}],"predecessor-version":[{"id":173,"href":"https:\/\/www.generpro.com.mx\/index.php?rest_route=\/wp\/v2\/pages\/162\/revisions\/173"}],"wp:featuredmedia":[{"embeddable":true,"href":"https:\/\/www.generpro.com.mx\/index.php?rest_route=\/wp\/v2\/media\/65"}],"wp:attachment":[{"href":"https:\/\/www.generpro.com.mx\/index.php?rest_route=%2Fwp%2Fv2%2Fmedia&parent=162"}],"curies":[{"name":"wp","href":"https:\/\/api.w.org\/{rel}","templated":true}]}}